 -5*w + 1 - 20. Calculate j(w).
-23
Let r(c) = 11*c**3 + c**2 + 4*c + 10. Let k be r(4). Let j = k - 740. Let v(h) = -h + 12. What is v(j)?
6
Let l(p) = -p**3 + 4*p**2 + p - 13. Let j be (-39)/6 - 399/(-38). What is l(j)?
-9
Let m(s) = -8*s**2 + 3*s - 10. Let v(i) = -2*i**2 - i - 1. Let o = 473 - 472. Let t(h) = o*m(h) - 3*v(h). Calculate t(3).
-7
Let i(z) = 8*z + 2. Suppose 192*p + 48 = 208*p. Let n be -2*(9/(-2) - -2). Suppose q + n*v - 11 = 12, -p*q = 3*v - 9. Calculate i(q).
-14
Let s = 7904 + -7901. Let i(v) = v**2 - 2*v + 4. Give i(s).
7
Let c(q) be the second derivative of q**4/8 - q**3/6 + 117*q**2/2 + 2*q - 41. Let y(u) be the first derivative of c(u). What is y(-9)?
-28
Let j(x) = -385*x - 6 - 7*x**2 + 18 + x**3 + 380*x. Calculate j(9).
129
Suppose 10*o + 399 = 7*o. Let g = -133 - o. Suppose -5*v - 15 + 5 = g. Let b(z) = z + 4. Give b(v).
2
Let h(y) = 23*y + 73. Let l(t) = 5*t + 14. Let v(u) = -3*h(u) + 14*l(u). Calculate v(17).
-6
Let x(c) = -c + 1. Let v be x(-5). Let h(r) = 0*r**2 + r**2 + 1 + 56*r + 47*r - 108*r. Calculate h(v).
7
Let l(v) = 2*v**3 + 17*v**2 + 7*v. Suppose 0 = -88*f + 9*f - 49*f - 1024. Determine l(f).
8
Let v(m) = m**2 + 68*m - 143. Let k(f) = 20*f - 2. Let b(i) = 2*k(i) - v(i). Calculate b(-32).
11
Let c(x) = -9*x**2 - 2*x + 1. Let d = 180 + -175. Suppose 5*z - 31 = 9. Suppose 3*n + d = r - 5, 3*n + z = -r. Calculate c(r).
-10
Let k(m) = m**3 - 8*m**2 - 8*m + 7. Let a(o) = -7*o + 149. Let f be (285/(-114))/(1/(-8)). Let d be a(f). What is k(d)?
16
Let s be -512 + -1 - (-1 + (-2 - -8)). Let k = s + 512. Let t(j) = -1 + 2*j**3 + j**3 - 4*j - 4*j**3 - 7*j**2. Calculate t(k).
-13
Let t(b) = -b**3 + 8*b**2 - 8*b + 10. Suppose -i + 27*d - 8 = 32*d, 4*i = 5*d + 43. Give t(i).
3
Let m(w) = -9*w. Let j(d) = -8*d + 1. Let f(k) = 5*j(k) - 4*m(k). Let t(u) = -u**2 - 2*u + 3. Let i be t(-2). Give f(i).
-7
Let d(r) = -3*r - 14. Let s be -4 + 10 + -1 + -2. Let n(g) = -g - 5. Let m(k) = s*d(k) - 8*n(k). Suppose -3*v = -x - 14, 2*v + 3*v = 3*x + 30. Calculate m(x).
3
Let q = -21 - -25. Let n be -3*8/12 + -1 + q. Suppose 11*z + n = 10*z. Let i(a) = a**3 - 2*a**2 - 2*a - 1. Calculate i(z).
-2
Let w be 39/13 - 8/1. Let z(a) = -a**3 + a**2 - a. Let i(f) = 4*f**3 - 10*f**2 - 6. Let m be 96/(-20) + -2*(-5)/(-50). Let t(b) = m*z(b) - i(b). What is t(w)?
-19
Let b(p) = -75 - 1073*p + 25 + 523*p + 547*p. Determine b(0).
-50
Let z = 20119 - 20131. Let i(u) = 7*u**2 + 84*u + 1. What is i(z)?
1
Suppose y - 92 = 24*y. Let q(w) be the first derivative of w**3/3 + 9*w**2/2 - w - 12. What is q(y)?
-21
Let a be ((-5136)/1070)/(4/(-5)). Let s(y) = 2*y**3 - 15*y**2 + 17*y - 3. What is s(a)?
-9
Suppose 55*a + 1 = 56*a. Let b(n) = n**3 + n**2 - n + 1. Let z(x) = 8*x**3 + x**2 - x + 4. Let u(y) = a*z(y) - 6*b(y). What is u(3)?
22
Suppose -3*z - 114 = -3*o, 0 = 782*z - 784*z + 14. Let u(l) = l**2 - 62*l + 761. Calculate u(o).
-4
Let y(m) = -4*m**2 + m - 1. Let u = 41 + -39. Suppose -54 = u*g - 58. Suppose g*f - 4 = -0. What is y(f)?
-15
Let v be (-2)/((-16)/20) - (-2)/(-4). Let o(n) = -4*n**2 + 8*n**2 + 11*n + v*n - 2*n**2. Give o(-6).
-6
Suppose 3*z - 3 = 5*f + 4, -f + 13 = -3*z. Let n(p) = 3*p - 4. Let w(h) = 2*h - 2. Let v(m) = z*n(m) + 13*w(m). Determine v(2).
14
Let y = 7 - 5. Let x(j) = 1 - 1 - 1 - y*j + 2*j**2 + 2*j**3. Let k = 934 + -936. Determine x(k).
-5
Let l(g) = -g**2. Let d(k) = k**2 - k - 2. Let y be d(-2). Suppose 0 = -x + 5*p + 7 - 3, -16 = -y*x - 3*p. Calculate l(x).
-16
Let f be ((-6)/8)/(267/(-2492)). Let j(t) be the second derivative of -t**3/2 - 7*t**2/2 - 11*t. Determine j(f).
-28
Let u(z) = -89 + 97 - z + 5*z + 0*z - 3*z. What is u(5)?
13
Let h = -72 - -74. Let u(v) = 40 + 49 + 2*v - v - 94. What is u(h)?
-3
Let f(b) = -b**2 + 4*b + 20. Suppose -3*p + 40 = -5*q, -14*p - 36 = -17*p + 3*q. Calculate f(p).
-40
Let w(p) = -12*p + 6. Let v(g) = 3*g**2 + 114*g - 114. Let c be v(1). Give w(c).
-30
Let l be (69/42*-2 + 3)*-14. Suppose l*m = 3*t - t - 6, 3*m - t = -3. Suppose 13*r + 3*r + 112 = m. Let y(i) = -i**3 - 8*i**2 - 6*i + 1. What is y(r)?
-6
Let k(n) = -n**2 + 6*n + 1. Suppose -30*a + 76 + 74 = 0. Suppose -18*r = i - 19*r - 5, -2*i = -a*r - 10. Calculate k(i).
6
Let q be ((-9)/6 - -5)*2. Suppose -4*a = 20, 4*w + 3*a - q = -2*a. Let h(b) = -b**3 + 8*b**2 - b + 8. Calculate h(w).
0
Let m(q) = -4 - 168*q + 79*q + q**2 + 88*q. Suppose 5*s - 38 = 7. Suppose -2 = 3*r + 4, 0 = -g - 3*r - s. Determine m(g).
8
Suppose p - 2*p - 1 = -4*z, 4*p - 4*z = 56. Let o = 26 - p. Let w(l) = -58 + 5*l**3 + 62 + 7*l - 11*l**2 + 3*l**2 - 4*l**3. Calculate w(o).
4
Let l(k) = 3*k + 1. Let x be -1 - (5 + -9 + -107). Suppose -37*c + 15*c + x = 0. Calculate l(c).
16
Let s(a) = -a**2 - 3*a + 45. Let p be s(-8). Let q(l) = -2*l**2 + 29*l - 1. Let w(g) = g**2 - 12*g. Let f(z) = 2*q(z) + 5*w(z). Give f(p).
13
Suppose -4*l = 3*k + k - 64, 30 = 2*l + 4*k. Let f(j) = -26*j - j**2 + l*j - 9 + 8*j. Determine f(0).
-9
Let r(h) be the third derivative of h**6/120 - h**5/10 + h**4/24 + 7*h**3/6 - 44*h**2 - 29*h. Determine r(3).
-17
Let h(q) = q**2 + 26*q + 29. Let w be h(-24). Let o be -2 - -3 - (w + 18). Let j(i) = -i**3 + i**2 - 2*i + 3. Give j(o).
-5
Let j be -1*(0 - 2)/1. Suppose -3*p + 4*x = 20, 5*p + j*x + 1 = 11. Let u = p + 0. Let l(f) = f**3 - f**2 + 7. Calculate l(u).
7
Let p(c) = -4*c + 2*c + 82 - 32 - 8*c**2 - 42 - c**2. What is p(4)?
-144
Let i(j) = -2*j**3 - 6*j**2 - 6*j + 2. Let r(f) = f**2 + 35*f + 274. Let p be r(-23). What is i(p)?
6
Let k be (-10 + 240/36)/(-2) + 110/6. Let a(i) = i**2 - 21*i + 34. Give a(k).
14
Let z(t) be the second derivative of -t**5/20 - t**4 - 5*t**3/2 + 41*t**2/2 - 960*t. Calculate z(-10).
-9
Let b(y) be the first derivative of y**4/12 - 5*y**3/6 + 47*y**2/2 - 61. Let h(o) be the second derivative of b(o). Calculate h(4).
3
Let a(u) = -u + 53. Let k be a(42). Let f(c) = 2 - 7*c**2 - 2 + c + c**3 - 1 - 6*c + k. Determine f(8).
34
Let y be (0 + -1)*-3 - 0/2. Suppose 5*c = -r - r + 270, -y*c + 143 = 5*r. Let a = -64 + c. Let f(o) = -o**2 - 7*o + 9. Determine f(a).
1
Let o = -79 + 84. Let m = -68 - -72. Suppose u = -o*z, 5*z - m*z = 5*u + 26. Let p(l) = -2*l + 2. Determine p(u).
12
Let s(v) = 88 - 100 - 1063*v + 1029*v + 139 + 137. Give s(8).
-8
Let n(m) be the first derivative of -1/4*m**4 + 1/2*m**2 - 2/3*m**3 - 19 - 3*m. What is n(-3)?
3
Let c = -1697 - -1691. Suppose 2*g + 1 = 5*g + s, g + s + 3 = 0. Let n(v) = g*v + 8 + v + 1. Calculate n(c).
-9
Suppose 4*y + 2*o = 354, -5*y + 2 = 4*o - 439. Let g = y + -89. Let w(k) = k**3 + 0*k + 1 - 25*k**2 + g*k + 30*k**2. Determine w(-5).
1
Let o(t) be the second derivative of 7*t**3/3 - t**2/2 + 3*t. Let x = 2098 + -2100. Calculate o(x).
-29
Suppose o - 8 = 3*h, 4*h + 2267 = o + 2258. Let w(t) be the second derivative of t**3/6 - 5*t**2 - t. Give w(o).
-5
Suppose 301*r = 304*r - 9. Let p(q) be the second derivative of -4*q + 1/6*q**r + 1/2*q**2 + 0. Calculate p(6).
7
Let p = 3940 + -3927. Let o(g) = -g**2 + 9*g + 18. Give o(p).
-34
Let u = 183 - 179. Let c(m) = -7*m**3 + m**3 - u + m**2 + 4 - 1. Determine c(-1).
6
Let t(f) = -f**3 - 11*f**2 - 13*f + 3. Let w(q) = -q**3 - 10*q**2 - 11*q + 2. Let z be (-14 + 516/36)/((-1)/6). Let k(l) = z*t(l) + 3*w(l). Give k(-7).
0
Let p(o) be the third derivative of -o**5/60 + 13*o**4/24 - 35*o**3/6 - 509*o**2. Give p(6).
7
Let d(i) = -7*i - 23. Let z = 30 - 34. Let v be d(z). Suppose v*l - 50 = 5*s, 5*s = -4*l - 0*s + 13. Let o(f) = -f + 1. Determine o(l).
-6
Let j = 26900 - 26897. Let d(n) = n**3 - 3*n**2 - 28*n + 89. Calculate d(j).
5
Suppose 0 = 2*y + 6*b - 5*b + 56, 0 = -4*y + 2*b - 96. Let p(z) = -z - 12. Determine p(y).
14
Suppose -2*q + 50 = q + r, -r + 14 = q. Let o(c) = 2*c - 4*c**2 - 24 + c**3 + q - c**2. Suppose 0 = 3*k - 52 + 37. Determine o(k).
4
Let r = 104 + -85. Suppose -20 = -m - r. Let l(c) = -c + 1. Calculate l(m).
0
Suppose 18 - 26 = 2*x - 4*w, -x + 26 = -8*w. Let c(s) = -s - 1 - 4 - 4 - 1. Determine c(x).
4
Suppose 0 = -3*h + 2*z - 12 - 2, -7*z = 2*h + 1. Let d(c) be the second derivative of 7/6*c**3 + 3*c**2 + 5/12*c**4 + 1/20*c**5 + 3*c + 0. Give d(h).
-6
Suppose -10*w + 92 = -w + 37*w. Let s(q) = 6*q**2 + q - 6. Give s(w).
20
Let y(w) = 4*w**3 - 11*w**2 + 19*w - 17. Let r(n) = n**3 + 2*n + 1. Let o(g) = -3*r(g) + y(g).